{"id":257,"date":"2016-10-24T09:03:00","date_gmt":"2016-10-24T07:03:00","guid":{"rendered":"http:\/\/aveyronamont.fr\/?page_id=257"},"modified":"2023-05-04T11:52:31","modified_gmt":"2023-05-04T09:52:31","slug":"les-actions","status":"publish","type":"page","link":"https:\/\/aveyronamont.fr\/index.php\/les-actions\/","title":{"rendered":"Les Actions"},"content":{"rendered":"<p>La carte interactive des principales actions r\u00e9alis\u00e9es:<\/p>\n<style type=\"text\/css\" id=\"gmpMapStyles_4_74940\">\r\n\t#google_map_easy_4_74940 {\r\n        width: 1000px;\r\n        height: 500px;\r\n\t\t\t\t\t\t    }\r\n\t#gmapControlsNum_4_74940 {\r\n\t\twidth:1000px\t}\r\n\t.gmpMapDetailsContainer#gmpMapDetailsContainer_4_74940 {\r\n\t\theight:500px;\r\n\t}\r\n\t.gmp_MapPreview#google_map_easy_4_74940 {\r\n\t\t\/*position:absolute;*\/\r\n\t\twidth: 100%;\r\n\t}\r\n\t#mapConElem_4_74940{\r\n\t\twidth: 1000px\t}\r\n    .gm-style .gm-style-iw-c{\r\n        padding: 12px!important;\r\n    }\r\n\t    <\/style>\r\n <div class=\"gmp_map_opts\" id=\"mapConElem_4_74940\" data-id=\"4\" data-view-id=\"4_74940\" > <div class=\"gmpMapDetailsContainer\" id=\"gmpMapDetailsContainer_4_74940\"> <i class=\"gmpKMLLayersPreloader fa fa-spinner fa-spin\" aria-hidden=\"true\" style=\"display: none;\"><\/i> <div class=\"gmp_MapPreview \" id=\"google_map_easy_4_74940\"><\/div> <\/div> <div class=\"gmpMapMarkerFilters\" id=\"gmpMapMarkerFilters_4_74940\"> <\/div> <div class=\"gmpMapProControlsCon\" id=\"gmpMapProControlsCon_4_74940\"> <a title=\"Google Map Plugin\" style=\"display:none;\" href=\"https:\/\/supsystic.com\/plugins\/google-maps-plugin\/?utm_medium=love_link_hide\" target=\"_blank\">Google Map Plugin<\/a><div style=\"clear: both;\"><\/div> <\/div> <div class=\"gmpMapProDirectionsCon\" id=\"gmpMapProDirectionsCon_4_74940\" > <\/div> <div class=\"gmpMapProKmlFilterCon\" id=\"gmpMapProKmlFilterCon_4_74940\" > <\/div> <div class=\"gmpSocialSharingShell gmpSocialSharingShell_4_74940\"> <\/div> <div style=\"clear: both;\"><\/div> <\/div> \n<p>&nbsp;<\/p>\n<p>Cliquez sur les sous-onglets pour d\u00e9couvrir les actions du SMBV2A<\/p>\n","protected":false},"excerpt":{"rendered":"<p>La carte interactive des principales actions r\u00e9alis\u00e9es: &nbsp; Cliquez sur les sous-onglets pour d\u00e9couvrir les actions du SMBV2A<\/p>\n","protected":false},"author":1,"featured_media":0,"parent":0,"menu_order":0,"comment_status":"closed","ping_status":"closed","template":"","meta":{"ngg_post_thumbnail":0,"footnotes":""},"class_list":["post-257","page","type-page","status-publish","hentry"],"yoast_head":"<!-- This site is optimized with the Yoast SEO plugin v24.7 - https:\/\/yoast.com\/wordpress\/plugins\/seo\/ -->\n<title>Les Actions - SMBV2A<\/title>\n<meta name=\"robots\" content=\"index, follow, max-snippet:-1, max-image-preview:large, max-video-preview:-1\" \/>\n<link rel=\"canonical\" href=\"https:\/\/aveyronamont.fr\/index.php\/les-actions\/\" class=\"yoast-seo-meta-tag\" \/>\n<meta property=\"og:locale\" content=\"en_US\" class=\"yoast-seo-meta-tag\" \/>\n<meta property=\"og:type\" content=\"article\" class=\"yoast-seo-meta-tag\" \/>\n<meta property=\"og:title\" content=\"Les Actions - SMBV2A\" class=\"yoast-seo-meta-tag\" \/>\n<meta property=\"og:description\" content=\"La carte interactive des principales actions r\u00e9alis\u00e9es: &nbsp; Cliquez sur les sous-onglets pour d\u00e9couvrir les actions du SMBV2A\" class=\"yoast-seo-meta-tag\" \/>\n<meta property=\"og:url\" content=\"https:\/\/aveyronamont.fr\/index.php\/les-actions\/\" class=\"yoast-seo-meta-tag\" \/>\n<meta property=\"og:site_name\" content=\"SMBV2A\" class=\"yoast-seo-meta-tag\" \/>\n<meta property=\"article:modified_time\" content=\"2023-05-04T09:52:31+00:00\" class=\"yoast-seo-meta-tag\" \/>\n<meta name=\"twitter:card\" content=\"summary_large_image\" class=\"yoast-seo-meta-tag\" \/>\n<meta name=\"twitter:label1\" content=\"Est. reading time\" class=\"yoast-seo-meta-tag\" \/>\n\t<meta name=\"twitter:data1\" content=\"1 minute\" class=\"yoast-seo-meta-tag\" \/>\n<script type=\"application\/ld+json\" class=\"yoast-schema-graph\">{\"@context\":\"https:\/\/schema.org\",\"@graph\":[{\"@type\":\"WebPage\",\"@id\":\"https:\/\/aveyronamont.fr\/index.php\/les-actions\/\",\"url\":\"https:\/\/aveyronamont.fr\/index.php\/les-actions\/\",\"name\":\"Les Actions - SMBV2A\",\"isPartOf\":{\"@id\":\"https:\/\/aveyronamont.fr\/#website\"},\"datePublished\":\"2016-10-24T07:03:00+00:00\",\"dateModified\":\"2023-05-04T09:52:31+00:00\",\"breadcrumb\":{\"@id\":\"https:\/\/aveyronamont.fr\/index.php\/les-actions\/#breadcrumb\"},\"inLanguage\":\"en-US\",\"potentialAction\":[{\"@type\":\"ReadAction\",\"target\":[\"https:\/\/aveyronamont.fr\/index.php\/les-actions\/\"]}]},{\"@type\":\"BreadcrumbList\",\"@id\":\"https:\/\/aveyronamont.fr\/index.php\/les-actions\/#breadcrumb\",\"itemListElement\":[{\"@type\":\"ListItem\",\"position\":1,\"name\":\"Accueil\",\"item\":\"https:\/\/aveyronamont.fr\/\"},{\"@type\":\"ListItem\",\"position\":2,\"name\":\"Les Actions\"}]},{\"@type\":\"WebSite\",\"@id\":\"https:\/\/aveyronamont.fr\/#website\",\"url\":\"https:\/\/aveyronamont.fr\/\",\"name\":\"SMBV2A\",\"description\":\"BASSIN VERSANT AVEYRON AMONT\",\"potentialAction\":[{\"@type\":\"SearchAction\",\"target\":{\"@type\":\"EntryPoint\",\"urlTemplate\":\"https:\/\/aveyronamont.fr\/?s={search_term_string}\"},\"query-input\":{\"@type\":\"PropertyValueSpecification\",\"valueRequired\":true,\"valueName\":\"search_term_string\"}}],\"inLanguage\":\"en-US\"}]}<\/script>\n<!-- \/ Yoast SEO plugin. -->","yoast_head_json":{"title":"Les Actions - SMBV2A","robots":{"index":"index","follow":"follow","max-snippet":"max-snippet:-1","max-image-preview":"max-image-preview:large","max-video-preview":"max-video-preview:-1"},"canonical":"https:\/\/aveyronamont.fr\/index.php\/les-actions\/","og_locale":"en_US","og_type":"article","og_title":"Les Actions - SMBV2A","og_description":"La carte interactive des principales actions r\u00e9alis\u00e9es: &nbsp; Cliquez sur les sous-onglets pour d\u00e9couvrir les actions du SMBV2A","og_url":"https:\/\/aveyronamont.fr\/index.php\/les-actions\/","og_site_name":"SMBV2A","article_modified_time":"2023-05-04T09:52:31+00:00","twitter_card":"summary_large_image","twitter_misc":{"Est. reading time":"1 minute"},"schema":{"@context":"https:\/\/schema.org","@graph":[{"@type":"WebPage","@id":"https:\/\/aveyronamont.fr\/index.php\/les-actions\/","url":"https:\/\/aveyronamont.fr\/index.php\/les-actions\/","name":"Les Actions - SMBV2A","isPartOf":{"@id":"https:\/\/aveyronamont.fr\/#website"},"datePublished":"2016-10-24T07:03:00+00:00","dateModified":"2023-05-04T09:52:31+00:00","breadcrumb":{"@id":"https:\/\/aveyronamont.fr\/index.php\/les-actions\/#breadcrumb"},"inLanguage":"en-US","potentialAction":[{"@type":"ReadAction","target":["https:\/\/aveyronamont.fr\/index.php\/les-actions\/"]}]},{"@type":"BreadcrumbList","@id":"https:\/\/aveyronamont.fr\/index.php\/les-actions\/#breadcrumb","itemListElement":[{"@type":"ListItem","position":1,"name":"Accueil","item":"https:\/\/aveyronamont.fr\/"},{"@type":"ListItem","position":2,"name":"Les Actions"}]},{"@type":"WebSite","@id":"https:\/\/aveyronamont.fr\/#website","url":"https:\/\/aveyronamont.fr\/","name":"SMBV2A","description":"BASSIN VERSANT AVEYRON AMONT","potentialAction":[{"@type":"SearchAction","target":{"@type":"EntryPoint","urlTemplate":"https:\/\/aveyronamont.fr\/?s={search_term_string}"},"query-input":{"@type":"PropertyValueSpecification","valueRequired":true,"valueName":"search_term_string"}}],"inLanguage":"en-US"}]}},"_links":{"self":[{"href":"https:\/\/aveyronamont.fr\/index.php\/wp-json\/wp\/v2\/pages\/257","targetHints":{"allow":["GET"]}}],"collection":[{"href":"https:\/\/aveyronamont.fr\/index.php\/wp-json\/wp\/v2\/pages"}],"about":[{"href":"https:\/\/aveyronamont.fr\/index.php\/wp-json\/wp\/v2\/types\/page"}],"author":[{"embeddable":true,"href":"https:\/\/aveyronamont.fr\/index.php\/wp-json\/wp\/v2\/users\/1"}],"replies":[{"embeddable":true,"href":"https:\/\/aveyronamont.fr\/index.php\/wp-json\/wp\/v2\/comments?post=257"}],"version-history":[{"count":4,"href":"https:\/\/aveyronamont.fr\/index.php\/wp-json\/wp\/v2\/pages\/257\/revisions"}],"predecessor-version":[{"id":553,"href":"https:\/\/aveyronamont.fr\/index.php\/wp-json\/wp\/v2\/pages\/257\/revisions\/553"}],"wp:attachment":[{"href":"https:\/\/aveyronamont.fr\/index.php\/wp-json\/wp\/v2\/media?parent=257"}],"curies":[{"name":"wp","href":"https:\/\/api.w.org\/{rel}","templated":true}]}}