{"id":2388,"date":"2020-11-10T08:55:53","date_gmt":"2020-11-10T07:55:53","guid":{"rendered":"http:\/\/aveyronamont.fr\/?page_id=2388"},"modified":"2020-11-17T14:28:13","modified_gmt":"2020-11-17T13:28:13","slug":"dynamiques-espace-rural","status":"publish","type":"page","link":"https:\/\/aveyronamont.fr\/index.php\/dynamiques-espace-rural\/","title":{"rendered":"Dynamiques espace rural"},"content":{"rendered":"\n<p>Dans le cadre de la mise en \u0153uvre<em> du contrat de rivi\u00e8re Aveyron  Amont 2020-2024, trois sous-bassins versants sont concern\u00e9s par la  d\u00e9clinaison de dynamiques &#8220;espace rural&#8221; avec des enjeux forts de  reconqu\u00eate du bon \u00e9tat des masses d&#8217;eau :&nbsp; &nbsp; &nbsp; <\/em><\/p>\n\n\n\n<p><em>&#8211; <a href=\"http:\/\/aveyronamont.fr\/index.php\/appels-a-projets-pdrr\/\" target=\"_blank\" rel=\"noreferrer noopener\" aria-label=\"le bassin de l'Olip (s\u2019ouvre dans un nouvel onglet)\">le bassin de l&#8217;Olip<\/a> (S\u00e9v\u00e9ragais &#8211; Causses \u00e0 l&#8217;Aubrac)&nbsp; &nbsp; &nbsp;<\/em><\/p>\n\n\n\n<p><em> &#8211; <a href=\"http:\/\/aveyronamont.fr\/index.php\/bilan-du-contrat-territorial-serene\/\" target=\"_blank\" rel=\"noreferrer noopener\" aria-label=\"le bassin de la Briane  (s\u2019ouvre dans un nouvel onglet)\">le bassin de la Briane <\/a>(Pays de Salars &#8211; Rodez Agglom\u00e9ration)&nbsp; &nbsp; &nbsp; <\/em><\/p>\n\n\n\n<p><em>&#8211; <a rel=\"noreferrer noopener\" aria-label=\"le bassin des Ser\u00e8nes (s\u2019ouvre dans un nouvel onglet)\" href=\"http:\/\/aveyronamont.fr\/index.php\/serene\/\" target=\"_blank\">l<\/a><a href=\"http:\/\/aveyronamont.fr\/index.php\/contrat-territorial\/\" target=\"_blank\" rel=\"noreferrer noopener\" aria-label=\"e bassin des Ser\u00e8nes (s\u2019ouvre dans un nouvel onglet)\">e bassin des Ser\u00e8nes<\/a> (Bas S\u00e9gala &#8211; Ouest Aveyron)<\/em><\/p>\n\n\n\n<p><em>Sur  ces 3 territoires o\u00f9 l&#8217;activit\u00e9 agricole est tr\u00e8s pr\u00e9sente  (majoritairement dans le cadre de syst\u00e8mes de polyculture &#8211; \u00e9levage),  les actions de reconqu\u00eate &#8220;espace rural&#8221; rev\u00eatent une importance  particuli\u00e8re. Ces actions d\u00e9clin\u00e9es dans une logique &#8220;gagnant\/gagnant&#8221;  (pour les milieux aquatiques mais aussi pour les exploitants agricoles)  concernent par exemple la pr\u00e9servation de l&#8217;\u00e9rosion des sols agricoles,  la conservation des zones humides, l&#8217;optimisation environnementale des  plans d&#8217;eau, la mise en d\u00e9fens&nbsp;des berges et l&#8217;am\u00e9nagement de points  d&#8217;abreuvement pour le b\u00e9tail, etc&#8230;&nbsp;A  noter que ces 3 dynamiques font l&#8217;objet de comit\u00e9s de pilotage&nbsp;(COPIL)  constituant chacun des &#8220;petits parlements de l&#8217;eau&#8221; \u00e0 l&#8217;\u00e9chelle des  sous-bassin versants concern\u00e9s.&nbsp;Ces COPIL, compos\u00e9s de  diff\u00e9rents acteurs (repr\u00e9sentants d&#8217;usagers de l&#8217;eau et des milieux  aquatiques, collectivit\u00e9s, administrations, etc&#8230;) se r\u00e9unissent une \u00e0  deux fois par an en vue partager les actions de reconqu\u00eate identifi\u00e9es sur  chaque territoire (comptes-rendus disponibles dans les 3 onglets respectifs  Olip, Briane et Ser\u00e8nes).<\/em><\/p>\n\n\n\n<p><em>Retrouvez  toute l&#8217;actualit\u00e9 des dynamiques espace rural en parcourant le <a href=\"http:\/\/aveyronamont.fr\/index.php\/agri-aveyron-amont\/\">bulletin  de liaison Agri Aveyron Amont <\/a><\/em><\/p>\n","protected":false},"excerpt":{"rendered":"<p>Dans le cadre de la mise en \u0153uvre du contrat de rivi\u00e8re Aveyron Amont 2020-2024, trois sous-bassins versants sont concern\u00e9s par la d\u00e9clinaison de dynamiques &#8220;espace rural&#8221; avec des enjeux forts de reconqu\u00eate du bon \u00e9tat des masses d&#8217;eau :&nbsp; &nbsp; &nbsp; &#8211; le bassin de l&#8217;Olip (S\u00e9v\u00e9ragais &#8211; Causses \u00e0 l&#8217;Aubrac)&nbsp; &nbsp; &nbsp; &#8211; [&hellip;]<\/p>\n","protected":false},"author":1,"featured_media":0,"parent":0,"menu_order":0,"comment_status":"closed","ping_status":"closed","template":"","meta":{"ngg_post_thumbnail":0,"footnotes":""},"class_list":["post-2388","page","type-page","status-publish","hentry"],"yoast_head":"<!-- This site is optimized with the Yoast SEO plugin v27.4 - https:\/\/yoast.com\/product\/yoast-seo-wordpress\/ -->\n<title>Dynamiques espace rural - SMBV2A<\/title>\n<meta name=\"robots\" content=\"index, follow, max-snippet:-1, max-image-preview:large, max-video-preview:-1\" \/>\n<link rel=\"canonical\" href=\"https:\/\/aveyronamont.fr\/index.php\/dynamiques-espace-rural\/\" class=\"yoast-seo-meta-tag\" \/>\n<meta property=\"og:locale\" content=\"en_US\" class=\"yoast-seo-meta-tag\" \/>\n<meta property=\"og:type\" content=\"article\" class=\"yoast-seo-meta-tag\" \/>\n<meta property=\"og:title\" content=\"Dynamiques espace rural - SMBV2A\" class=\"yoast-seo-meta-tag\" \/>\n<meta property=\"og:description\" content=\"Dans le cadre de la mise en \u0153uvre du contrat de rivi\u00e8re Aveyron Amont 2020-2024, trois sous-bassins versants sont concern\u00e9s par la d\u00e9clinaison de dynamiques &#8220;espace rural&#8221; avec des enjeux forts de reconqu\u00eate du bon \u00e9tat des masses d&#8217;eau :&nbsp; &nbsp; &nbsp; &#8211; le bassin de l&#8217;Olip (S\u00e9v\u00e9ragais &#8211; Causses \u00e0 l&#8217;Aubrac)&nbsp; &nbsp; &nbsp; &#8211; [&hellip;]\" class=\"yoast-seo-meta-tag\" \/>\n<meta property=\"og:url\" content=\"https:\/\/aveyronamont.fr\/index.php\/dynamiques-espace-rural\/\" class=\"yoast-seo-meta-tag\" \/>\n<meta property=\"og:site_name\" content=\"SMBV2A\" class=\"yoast-seo-meta-tag\" \/>\n<meta property=\"article:modified_time\" content=\"2020-11-17T13:28:13+00:00\" class=\"yoast-seo-meta-tag\" \/>\n<meta name=\"twitter:card\" content=\"summary_large_image\" class=\"yoast-seo-meta-tag\" \/>\n<meta name=\"twitter:label1\" content=\"Est. reading time\" class=\"yoast-seo-meta-tag\" \/>\n\t<meta name=\"twitter:data1\" content=\"1 minute\" class=\"yoast-seo-meta-tag\" \/>\n<script type=\"application\/ld+json\" class=\"yoast-schema-graph\">{\"@context\":\"https:\\\/\\\/schema.org\",\"@graph\":[{\"@type\":\"WebPage\",\"@id\":\"https:\\\/\\\/aveyronamont.fr\\\/index.php\\\/dynamiques-espace-rural\\\/\",\"url\":\"https:\\\/\\\/aveyronamont.fr\\\/index.php\\\/dynamiques-espace-rural\\\/\",\"name\":\"Dynamiques espace rural - SMBV2A\",\"isPartOf\":{\"@id\":\"https:\\\/\\\/aveyronamont.fr\\\/#website\"},\"datePublished\":\"2020-11-10T07:55:53+00:00\",\"dateModified\":\"2020-11-17T13:28:13+00:00\",\"breadcrumb\":{\"@id\":\"https:\\\/\\\/aveyronamont.fr\\\/index.php\\\/dynamiques-espace-rural\\\/#breadcrumb\"},\"inLanguage\":\"en-US\",\"potentialAction\":[{\"@type\":\"ReadAction\",\"target\":[\"https:\\\/\\\/aveyronamont.fr\\\/index.php\\\/dynamiques-espace-rural\\\/\"]}]},{\"@type\":\"BreadcrumbList\",\"@id\":\"https:\\\/\\\/aveyronamont.fr\\\/index.php\\\/dynamiques-espace-rural\\\/#breadcrumb\",\"itemListElement\":[{\"@type\":\"ListItem\",\"position\":1,\"name\":\"Accueil\",\"item\":\"https:\\\/\\\/aveyronamont.fr\\\/\"},{\"@type\":\"ListItem\",\"position\":2,\"name\":\"Dynamiques espace rural\"}]},{\"@type\":\"WebSite\",\"@id\":\"https:\\\/\\\/aveyronamont.fr\\\/#website\",\"url\":\"https:\\\/\\\/aveyronamont.fr\\\/\",\"name\":\"SMBV2A\",\"description\":\"BASSIN VERSANT AVEYRON AMONT\",\"potentialAction\":[{\"@type\":\"SearchAction\",\"target\":{\"@type\":\"EntryPoint\",\"urlTemplate\":\"https:\\\/\\\/aveyronamont.fr\\\/?s={search_term_string}\"},\"query-input\":{\"@type\":\"PropertyValueSpecification\",\"valueRequired\":true,\"valueName\":\"search_term_string\"}}],\"inLanguage\":\"en-US\"}]}<\/script>\n<!-- \/ Yoast SEO plugin. -->","yoast_head_json":{"title":"Dynamiques espace rural - SMBV2A","robots":{"index":"index","follow":"follow","max-snippet":"max-snippet:-1","max-image-preview":"max-image-preview:large","max-video-preview":"max-video-preview:-1"},"canonical":"https:\/\/aveyronamont.fr\/index.php\/dynamiques-espace-rural\/","og_locale":"en_US","og_type":"article","og_title":"Dynamiques espace rural - SMBV2A","og_description":"Dans le cadre de la mise en \u0153uvre du contrat de rivi\u00e8re Aveyron Amont 2020-2024, trois sous-bassins versants sont concern\u00e9s par la d\u00e9clinaison de dynamiques &#8220;espace rural&#8221; avec des enjeux forts de reconqu\u00eate du bon \u00e9tat des masses d&#8217;eau :&nbsp; &nbsp; &nbsp; &#8211; le bassin de l&#8217;Olip (S\u00e9v\u00e9ragais &#8211; Causses \u00e0 l&#8217;Aubrac)&nbsp; &nbsp; &nbsp; &#8211; [&hellip;]","og_url":"https:\/\/aveyronamont.fr\/index.php\/dynamiques-espace-rural\/","og_site_name":"SMBV2A","article_modified_time":"2020-11-17T13:28:13+00:00","twitter_card":"summary_large_image","twitter_misc":{"Est. reading time":"1 minute"},"schema":{"@context":"https:\/\/schema.org","@graph":[{"@type":"WebPage","@id":"https:\/\/aveyronamont.fr\/index.php\/dynamiques-espace-rural\/","url":"https:\/\/aveyronamont.fr\/index.php\/dynamiques-espace-rural\/","name":"Dynamiques espace rural - SMBV2A","isPartOf":{"@id":"https:\/\/aveyronamont.fr\/#website"},"datePublished":"2020-11-10T07:55:53+00:00","dateModified":"2020-11-17T13:28:13+00:00","breadcrumb":{"@id":"https:\/\/aveyronamont.fr\/index.php\/dynamiques-espace-rural\/#breadcrumb"},"inLanguage":"en-US","potentialAction":[{"@type":"ReadAction","target":["https:\/\/aveyronamont.fr\/index.php\/dynamiques-espace-rural\/"]}]},{"@type":"BreadcrumbList","@id":"https:\/\/aveyronamont.fr\/index.php\/dynamiques-espace-rural\/#breadcrumb","itemListElement":[{"@type":"ListItem","position":1,"name":"Accueil","item":"https:\/\/aveyronamont.fr\/"},{"@type":"ListItem","position":2,"name":"Dynamiques espace rural"}]},{"@type":"WebSite","@id":"https:\/\/aveyronamont.fr\/#website","url":"https:\/\/aveyronamont.fr\/","name":"SMBV2A","description":"BASSIN VERSANT AVEYRON AMONT","potentialAction":[{"@type":"SearchAction","target":{"@type":"EntryPoint","urlTemplate":"https:\/\/aveyronamont.fr\/?s={search_term_string}"},"query-input":{"@type":"PropertyValueSpecification","valueRequired":true,"valueName":"search_term_string"}}],"inLanguage":"en-US"}]}},"_links":{"self":[{"href":"https:\/\/aveyronamont.fr\/index.php\/wp-json\/wp\/v2\/pages\/2388","targetHints":{"allow":["GET"]}}],"collection":[{"href":"https:\/\/aveyronamont.fr\/index.php\/wp-json\/wp\/v2\/pages"}],"about":[{"href":"https:\/\/aveyronamont.fr\/index.php\/wp-json\/wp\/v2\/types\/page"}],"author":[{"embeddable":true,"href":"https:\/\/aveyronamont.fr\/index.php\/wp-json\/wp\/v2\/users\/1"}],"replies":[{"embeddable":true,"href":"https:\/\/aveyronamont.fr\/index.php\/wp-json\/wp\/v2\/comments?post=2388"}],"version-history":[{"count":5,"href":"https:\/\/aveyronamont.fr\/index.php\/wp-json\/wp\/v2\/pages\/2388\/revisions"}],"predecessor-version":[{"id":2405,"href":"https:\/\/aveyronamont.fr\/index.php\/wp-json\/wp\/v2\/pages\/2388\/revisions\/2405"}],"wp:attachment":[{"href":"https:\/\/aveyronamont.fr\/index.php\/wp-json\/wp\/v2\/media?parent=2388"}],"curies":[{"name":"wp","href":"https:\/\/api.w.org\/{rel}","templated":true}]}}

<p>Dans le cadre de la mise en œuvre<em> du contrat de rivière Aveyron  Amont 2020-2024, trois sous-bassins versants sont concernés par la  déclinaison de dynamiques &#8220;espace rural&#8221; avec des enjeux forts de  reconquête du bon état des masses d&#8217;eau :&nbsp; &nbsp; &nbsp; </em></p>



<p><em>&#8211; <a href="http://aveyronamont.fr/index.php/appels-a-projets-pdrr/" target="_blank" rel="noreferrer noopener" aria-label="le bassin de l'Olip (s’ouvre dans un nouvel onglet)">le bassin de l&#8217;Olip</a> (Sévéragais &#8211; Causses à l&#8217;Aubrac)&nbsp; &nbsp; &nbsp;</em></p>



<p><em> &#8211; <a href="http://aveyronamont.fr/index.php/bilan-du-contrat-territorial-serene/" target="_blank" rel="noreferrer noopener" aria-label="le bassin de la Briane  (s’ouvre dans un nouvel onglet)">le bassin de la Briane </a>(Pays de Salars &#8211; Rodez Agglomération)&nbsp; &nbsp; &nbsp; </em></p>



<p><em>&#8211; <a rel="noreferrer noopener" aria-label="le bassin des Serènes (s’ouvre dans un nouvel onglet)" href="http://aveyronamont.fr/index.php/serene/" target="_blank">l</a><a href="http://aveyronamont.fr/index.php/contrat-territorial/" target="_blank" rel="noreferrer noopener" aria-label="e bassin des Serènes (s’ouvre dans un nouvel onglet)">e bassin des Serènes</a> (Bas Ségala &#8211; Ouest Aveyron)</em></p>



<p><em>Sur  ces 3 territoires où l&#8217;activité agricole est très présente  (majoritairement dans le cadre de systèmes de polyculture &#8211; élevage),  les actions de reconquête &#8220;espace rural&#8221; revêtent une importance  particulière. Ces actions déclinées dans une logique &#8220;gagnant/gagnant&#8221;  (pour les milieux aquatiques mais aussi pour les exploitants agricoles)  concernent par exemple la préservation de l&#8217;érosion des sols agricoles,  la conservation des zones humides, l&#8217;optimisation environnementale des  plans d&#8217;eau, la mise en défens&nbsp;des berges et l&#8217;aménagement de points  d&#8217;abreuvement pour le bétail, etc&#8230;&nbsp;A  noter que ces 3 dynamiques font l&#8217;objet de comités de pilotage&nbsp;(COPIL)  constituant chacun des &#8220;petits parlements de l&#8217;eau&#8221; à l&#8217;échelle des  sous-bassin versants concernés.&nbsp;Ces COPIL, composés de  différents acteurs (représentants d&#8217;usagers de l&#8217;eau et des milieux  aquatiques, collectivités, administrations, etc&#8230;) se réunissent une à  deux fois par an en vue partager les actions de reconquête identifiées sur  chaque territoire (comptes-rendus disponibles dans les 3 onglets respectifs  Olip, Briane et Serènes).</em></p>



<p><em>Retrouvez  toute l&#8217;actualité des dynamiques espace rural en parcourant le <a href="http://aveyronamont.fr/index.php/agri-aveyron-amont/">bulletin  de liaison Agri Aveyron Amont </a></em></p>

<p>Dans le cadre de la mise en œuvre du contrat de rivière Aveyron Amont 2020-2024, trois sous-bassins versants sont concernés par la déclinaison de dynamiques &#8220;espace rural&#8221; avec des enjeux forts de reconquête du bon état des masses d&#8217;eau :&nbsp; &nbsp; &nbsp; &#8211; le bassin de l&#8217;Olip (Sévéragais &#8211; Causses à l&#8217;Aubrac)&nbsp; &nbsp; &nbsp; &#8211; [&hellip;]</p>

<!-- This site is optimized with the Yoast SEO plugin v27.4 - https://yoast.com/product/yoast-seo-wordpress/ -->
<title>Dynamiques espace rural - SMBV2A</title>
<meta name="robots" content="index, follow, max-snippet:-1, max-image-preview:large, max-video-preview:-1" />
<link rel="canonical" href="https://aveyronamont.fr/index.php/dynamiques-espace-rural/" class="yoast-seo-meta-tag" />
<meta property="og:locale" content="en_US" class="yoast-seo-meta-tag" />
<meta property="og:type" content="article" class="yoast-seo-meta-tag" />
<meta property="og:title" content="Dynamiques espace rural - SMBV2A" class="yoast-seo-meta-tag" />
<meta property="og:description" content="Dans le cadre de la mise en œuvre du contrat de rivière Aveyron Amont 2020-2024, trois sous-bassins versants sont concernés par la déclinaison de dynamiques &#8220;espace rural&#8221; avec des enjeux forts de reconquête du bon état des masses d&#8217;eau :&nbsp; &nbsp; &nbsp; &#8211; le bassin de l&#8217;Olip (Sévéragais &#8211; Causses à l&#8217;Aubrac)&nbsp; &nbsp; &nbsp; &#8211; [&hellip;]" class="yoast-seo-meta-tag" />
<meta property="og:url" content="https://aveyronamont.fr/index.php/dynamiques-espace-rural/" class="yoast-seo-meta-tag" />
<meta property="og:site_name" content="SMBV2A" class="yoast-seo-meta-tag" />
<meta property="article:modified_time" content="2020-11-17T13:28:13+00:00" class="yoast-seo-meta-tag" />
<meta name="twitter:card" content="summary_large_image" class="yoast-seo-meta-tag" />
<meta name="twitter:label1" content="Est. reading time" class="yoast-seo-meta-tag" />
	<meta name="twitter:data1" content="1 minute" class="yoast-seo-meta-tag" />
<script type="application/ld+json" class="yoast-schema-graph">{"@context":"https:\/\/schema.org","@graph":[{"@type":"WebPage","@id":"https:\/\/aveyronamont.fr\/index.php\/dynamiques-espace-rural\/","url":"https:\/\/aveyronamont.fr\/index.php\/dynamiques-espace-rural\/","name":"Dynamiques espace rural - SMBV2A","isPartOf":{"@id":"https:\/\/aveyronamont.fr\/#website"},"datePublished":"2020-11-10T07:55:53+00:00","dateModified":"2020-11-17T13:28:13+00:00","breadcrumb":{"@id":"https:\/\/aveyronamont.fr\/index.php\/dynamiques-espace-rural\/#breadcrumb"},"inLanguage":"en-US","potentialAction":[{"@type":"ReadAction","target":["https:\/\/aveyronamont.fr\/index.php\/dynamiques-espace-rural\/"]}]},{"@type":"BreadcrumbList","@id":"https:\/\/aveyronamont.fr\/index.php\/dynamiques-espace-rural\/#breadcrumb","itemListElement":[{"@type":"ListItem","position":1,"name":"Accueil","item":"https:\/\/aveyronamont.fr\/"},{"@type":"ListItem","position":2,"name":"Dynamiques espace rural"}]},{"@type":"WebSite","@id":"https:\/\/aveyronamont.fr\/#website","url":"https:\/\/aveyronamont.fr\/","name":"SMBV2A","description":"BASSIN VERSANT AVEYRON AMONT","potentialAction":[{"@type":"SearchAction","target":{"@type":"EntryPoint","urlTemplate":"https:\/\/aveyronamont.fr\/?s={search_term_string}"},"query-input":{"@type":"PropertyValueSpecification","valueRequired":true,"valueName":"search_term_string"}}],"inLanguage":"en-US"}]}</script>
<!-- / Yoast SEO plugin. -->

Dans le cadre de la mise en œuvre du contrat de rivière Aveyron Amont 2020-2024, trois sous-bassins versants sont concernés par la déclinaison de dynamiques &#8220;espace rural&#8221; avec des enjeux forts de reconquête du bon état des masses d&#8217;eau :&nbsp; &nbsp; &nbsp; &#8211; le bassin de l&#8217;Olip (Sévéragais &#8211; Causses à l&#8217;Aubrac)&nbsp; &nbsp; &nbsp; &#8211; [&hellip;]
