{"id":187,"date":"2016-10-07T11:34:53","date_gmt":"2016-10-07T09:34:53","guid":{"rendered":"http:\/\/aveyronamont.fr\/?page_id=187"},"modified":"2021-07-27T14:38:29","modified_gmt":"2021-07-27T12:38:29","slug":"lequipe","status":"publish","type":"page","link":"https:\/\/aveyronamont.fr\/index.php\/lequipe\/","title":{"rendered":"Vos \u00e9lus r\u00e9f\u00e9rents"},"content":{"rendered":"<p>&nbsp;<\/p>\n<h4 style=\"text-align: justify;\">Le choix de la gouvernance a \u00e9t\u00e9 d\u00e9termin\u00e9 par 2 crit\u00e8res pr\u00e9pond\u00e9rants&nbsp;:<\/h4>\n<ul style=\"text-align: justify;\">\n<li>\n<h4>Conserver la proximit\u00e9 avec les \u00e9lus de terrain, notamment les \u00e9lus communaux tr\u00e8s impliqu\u00e9s dans la d\u00e9clinaison des PPG,<\/h4>\n<\/li>\n<li>\n<h4>Disposer d&#8217;une instance d\u00e9cisionnelle repr\u00e9sentative et facile \u00e0 mobiliser.<\/h4>\n<\/li>\n<\/ul>\n<h4 style=\"text-align: justify;\">&nbsp;<\/h4>\n<p style=\"text-align: justify;\">Ainsi, la structure s&#8217;est dot\u00e9e de <strong>d\u00e9l\u00e9gu\u00e9s r\u00e9f\u00e9rents<\/strong> par commune du territoire. Ils ont une voix consultative, selon les th\u00e9matiques ou la proximit\u00e9 g\u00e9ographique, ils peut \u00eatre sollicit\u00e9e par le Pr\u00e9sident pour avis et propositions.<\/p>\n<p style=\"text-align: justify;\">Chaque regroupement de communes nomm\u00e9 \u00ab&nbsp;territoire&nbsp;\u00bb ou \u00e9tablissement public de coop\u00e9ration intercommunale, d\u00e9signe les <strong>d\u00e9l\u00e9gu\u00e9s si\u00e9geant au conseil syndical<\/strong>&nbsp;: les d\u00e9l\u00e9gu\u00e9s \u00e0 voix d\u00e9lib\u00e9rative. Le nombre de d\u00e9l\u00e9gu\u00e9s est fonction de la population.<\/p>\n<p style=\"text-align: left;\">Depuis le 1er janvier 2018 les \u00e9tablissements publics de coop\u00e9ration intercommunale se substituent progressivement aux communes. La liste des \u00e9lus ci-dessous sera actualis\u00e9e de fait.<\/p>\n<p style=\"text-align: center;\"><span style=\"text-decoration: underline;\"><strong>Vos \u00e9lus mandature 2020-2026 :<\/strong><\/span><\/p>\n<p style=\"text-align: center;\"><strong>Pr\u00e9sident: Michel Artus<\/strong><\/p>\n<p style=\"text-align: center;\"><strong>Vice-pr\u00e9sidents : S\u00e9bastien Cros et Patrick Gayrard<\/strong><\/p>\n<table width=\"605\">\n<tbody>\n<tr>\n<td width=\"67\">Collectivit\u00e9<\/td>\n<td width=\"73\">&#8230; adh\u00e8re au SMBV2A au titre de la comp\u00e9tence&#8230;<\/td>\n<td width=\"47\">Nombre d&#8217;\u00e9lus si\u00e9geant<\/td>\n<td width=\"408\">Vos \u00e9lus r\u00e9f\u00e9rents&nbsp;&nbsp;&nbsp;&nbsp;&nbsp;&nbsp;&nbsp;&nbsp;&nbsp;&nbsp;<\/p>\n<p><strong><em>(click droit ouvrir l&#8217;image)<\/em><\/strong><\/td>\n<\/tr>\n<tr>\n<td width=\"67\">Communaut\u00e9 de Communes Aubrac Lot Causse Tarn<\/td>\n<td width=\"73\">GEMAPI et Compl\u00e9mentaire GEMAPI<\/td>\n<td width=\"47\">1 titulaire et 1 suppl\u00e9ant<\/td>\n<td width=\"408\"><img loading=\"lazy\" decoding=\"async\" class=\"aligncenter size-large wp-image-2477\" src=\"http:\/\/aveyronamont.fr\/wp-content\/uploads\/2021\/01\/Aubrac-Lot-Causses-Tarn-1024x724.png\" alt=\"\" width=\"750\" height=\"530\" srcset=\"https:\/\/aveyronamont.fr\/wp-content\/uploads\/2021\/01\/Aubrac-Lot-Causses-Tarn-1024x724.png 1024w, https:\/\/aveyronamont.fr\/wp-content\/uploads\/2021\/01\/Aubrac-Lot-Causses-Tarn-300x212.png 300w, https:\/\/aveyronamont.fr\/wp-content\/uploads\/2021\/01\/Aubrac-Lot-Causses-Tarn-768x543.png 768w\" sizes=\"auto, (max-width: 750px) 100vw, 750px\" \/><\/td>\n<\/tr>\n<tr>\n<td width=\"67\">Communaut\u00e9 de Communes des Causses \u00e0 l&#8217;Aubrac<\/td>\n<td width=\"73\">GEMAPI et Compl\u00e9mentaire GEMAPI<\/td>\n<td width=\"47\">3 titulaires et 3 suppl\u00e9ants<\/td>\n<td width=\"408\"><img loading=\"lazy\" decoding=\"async\" class=\"aligncenter size-large wp-image-2592\" src=\"http:\/\/aveyronamont.fr\/wp-content\/uploads\/2021\/07\/CC-Causse-Aubrac-1024x724.png\" alt=\"\" width=\"750\" height=\"530\" srcset=\"https:\/\/aveyronamont.fr\/wp-content\/uploads\/2021\/07\/CC-Causse-Aubrac-1024x724.png 1024w, https:\/\/aveyronamont.fr\/wp-content\/uploads\/2021\/07\/CC-Causse-Aubrac-300x212.png 300w, https:\/\/aveyronamont.fr\/wp-content\/uploads\/2021\/07\/CC-Causse-Aubrac-768x543.png 768w, https:\/\/aveyronamont.fr\/wp-content\/uploads\/2021\/07\/CC-Causse-Aubrac-1536x1086.png 1536w, https:\/\/aveyronamont.fr\/wp-content\/uploads\/2021\/07\/CC-Causse-Aubrac-2048x1448.png 2048w\" sizes=\"auto, (max-width: 750px) 100vw, 750px\" \/><\/td>\n<\/tr>\n<tr>\n<td width=\"67\">Communaut\u00e9 de Communes Muse et Raspes<\/td>\n<td width=\"73\">GEMAPI<\/td>\n<td width=\"47\">1 titulaire et 1 suppl\u00e9ant<\/td>\n<td width=\"408\"><img loading=\"lazy\" decoding=\"async\" class=\"aligncenter wp-image-2475 size-large\" src=\"http:\/\/aveyronamont.fr\/wp-content\/uploads\/2021\/01\/Muse-et-raspes-1024x724.png\" alt=\"\" width=\"750\" height=\"530\" srcset=\"https:\/\/aveyronamont.fr\/wp-content\/uploads\/2021\/01\/Muse-et-raspes-1024x724.png 1024w, https:\/\/aveyronamont.fr\/wp-content\/uploads\/2021\/01\/Muse-et-raspes-300x212.png 300w, https:\/\/aveyronamont.fr\/wp-content\/uploads\/2021\/01\/Muse-et-raspes-768x543.png 768w\" sizes=\"auto, (max-width: 750px) 100vw, 750px\" \/><\/td>\n<\/tr>\n<tr>\n<td width=\"67\">Communaut\u00e9 de Communes L\u00e9vezou Pareloup<\/td>\n<td width=\"73\">GEMAPI et Compl\u00e9mentaire GEMAPI<\/td>\n<td width=\"47\">1 titulaire et 1 suppl\u00e9ant<\/td>\n<td width=\"408\"><img loading=\"lazy\" decoding=\"async\" class=\"aligncenter wp-image-2473 size-large\" src=\"http:\/\/aveyronamont.fr\/wp-content\/uploads\/2021\/01\/L\u00e9vezou-Pareloup-1024x724.png\" alt=\"\" width=\"750\" height=\"530\" srcset=\"https:\/\/aveyronamont.fr\/wp-content\/uploads\/2021\/01\/L\u00e9vezou-Pareloup-1024x724.png 1024w, https:\/\/aveyronamont.fr\/wp-content\/uploads\/2021\/01\/L\u00e9vezou-Pareloup-300x212.png 300w, https:\/\/aveyronamont.fr\/wp-content\/uploads\/2021\/01\/L\u00e9vezou-Pareloup-768x543.png 768w\" sizes=\"auto, (max-width: 750px) 100vw, 750px\" \/><\/td>\n<\/tr>\n<tr>\n<td width=\"67\">Communaut\u00e9 de Communes Comtal Lot Truy\u00e8re<\/td>\n<td width=\"73\">GEMAPI et Compl\u00e9mentaire GEMAPI<\/td>\n<td width=\"47\">1 titulaire et 1 suppl\u00e9ant<\/td>\n<td width=\"408\"><img loading=\"lazy\" decoding=\"async\" class=\"aligncenter wp-image-2471 size-large\" src=\"http:\/\/aveyronamont.fr\/wp-content\/uploads\/2021\/01\/Comtal-Lot-Truy\u00e8re-1024x724.png\" alt=\"\" width=\"750\" height=\"530\" srcset=\"https:\/\/aveyronamont.fr\/wp-content\/uploads\/2021\/01\/Comtal-Lot-Truy\u00e8re-1024x724.png 1024w, https:\/\/aveyronamont.fr\/wp-content\/uploads\/2021\/01\/Comtal-Lot-Truy\u00e8re-300x212.png 300w, https:\/\/aveyronamont.fr\/wp-content\/uploads\/2021\/01\/Comtal-Lot-Truy\u00e8re-768x543.png 768w\" sizes=\"auto, (max-width: 750px) 100vw, 750px\" \/><\/td>\n<\/tr>\n<tr>\n<td width=\"67\">Communaut\u00e9 de Communes Pays de Salars<\/td>\n<td width=\"73\">GEMAPI et Compl\u00e9mentaire GEMAPI<\/td>\n<td width=\"47\">1 titulaire et 1 suppl\u00e9ant<\/td>\n<td width=\"408\"><img loading=\"lazy\" decoding=\"async\" class=\"aligncenter wp-image-2469 size-large\" src=\"http:\/\/aveyronamont.fr\/wp-content\/uploads\/2021\/01\/Pays-de-Salars-1024x724.png\" alt=\"\" width=\"750\" height=\"530\" srcset=\"https:\/\/aveyronamont.fr\/wp-content\/uploads\/2021\/01\/Pays-de-Salars-1024x724.png 1024w, https:\/\/aveyronamont.fr\/wp-content\/uploads\/2021\/01\/Pays-de-Salars-300x212.png 300w, https:\/\/aveyronamont.fr\/wp-content\/uploads\/2021\/01\/Pays-de-Salars-768x543.png 768w\" sizes=\"auto, (max-width: 750px) 100vw, 750px\" \/><\/td>\n<\/tr>\n<tr>\n<td width=\"67\">Rodez Agglom\u00e9ration<\/td>\n<td width=\"73\">GEMAPI et Compl\u00e9mentaire GEMAPI<\/td>\n<td width=\"47\">8 titulaires et 8 suppl\u00e9ants<\/td>\n<td width=\"408\"><img loading=\"lazy\" decoding=\"async\" class=\"aligncenter wp-image-2370 size-large\" src=\"http:\/\/aveyronamont.fr\/wp-content\/uploads\/2020\/09\/rodez-agglo-1024x724.png\" alt=\"\" width=\"750\" height=\"530\" srcset=\"https:\/\/aveyronamont.fr\/wp-content\/uploads\/2020\/09\/rodez-agglo-1024x724.png 1024w, https:\/\/aveyronamont.fr\/wp-content\/uploads\/2020\/09\/rodez-agglo-300x212.png 300w, https:\/\/aveyronamont.fr\/wp-content\/uploads\/2020\/09\/rodez-agglo-768x543.png 768w\" sizes=\"auto, (max-width: 750px) 100vw, 750px\" \/><\/td>\n<\/tr>\n<tr>\n<td width=\"67\">Communaut\u00e9 de Communes Conques Marcillac<\/td>\n<td width=\"73\">GEMAPI et Compl\u00e9mentaire GEMAPI<\/td>\n<td width=\"47\">1 titulaire et 1 suppl\u00e9ant<\/td>\n<td width=\"408\"><img loading=\"lazy\" decoding=\"async\" class=\"aligncenter wp-image-2369 size-large\" src=\"http:\/\/aveyronamont.fr\/wp-content\/uploads\/2020\/09\/conques-marcillac-1024x724.png\" alt=\"\" width=\"750\" height=\"530\" srcset=\"https:\/\/aveyronamont.fr\/wp-content\/uploads\/2020\/09\/conques-marcillac-1024x724.png 1024w, https:\/\/aveyronamont.fr\/wp-content\/uploads\/2020\/09\/conques-marcillac-300x212.png 300w, https:\/\/aveyronamont.fr\/wp-content\/uploads\/2020\/09\/conques-marcillac-768x543.png 768w\" sizes=\"auto, (max-width: 750px) 100vw, 750px\" \/><\/td>\n<\/tr>\n<tr>\n<td width=\"67\">Communaut\u00e9 de Communes Pays S\u00e9gali<\/td>\n<td width=\"73\">GEMAPI et Compl\u00e9mentaire GEMAPI<\/td>\n<td width=\"47\">1 titulaire et 1 suppl\u00e9ant<\/td>\n<td width=\"408\"><img loading=\"lazy\" decoding=\"async\" class=\"aligncenter wp-image-2368 size-large\" src=\"http:\/\/aveyronamont.fr\/wp-content\/uploads\/2020\/09\/Pays-Segali-1024x724.png\" alt=\"\" width=\"750\" height=\"530\" srcset=\"https:\/\/aveyronamont.fr\/wp-content\/uploads\/2020\/09\/Pays-Segali-1024x724.png 1024w, https:\/\/aveyronamont.fr\/wp-content\/uploads\/2020\/09\/Pays-Segali-300x212.png 300w, https:\/\/aveyronamont.fr\/wp-content\/uploads\/2020\/09\/Pays-Segali-768x543.png 768w\" sizes=\"auto, (max-width: 750px) 100vw, 750px\" \/><\/td>\n<\/tr>\n<tr>\n<td width=\"67\">Communaut\u00e9 de Communes Aveyron Bas S\u00e9gala Viaur<\/td>\n<td width=\"73\">GEMAPI et Compl\u00e9mentaire GEMAPI<\/td>\n<td width=\"47\">1 titulaire et 1 suppl\u00e9ant<\/td>\n<td width=\"408\"><img loading=\"lazy\" decoding=\"async\" class=\"aligncenter wp-image-2367 size-large\" src=\"http:\/\/aveyronamont.fr\/wp-content\/uploads\/2020\/09\/AveyronBasSegalaViaur-1024x724.png\" alt=\"\" width=\"750\" height=\"530\" srcset=\"https:\/\/aveyronamont.fr\/wp-content\/uploads\/2020\/09\/AveyronBasSegalaViaur-1024x724.png 1024w, https:\/\/aveyronamont.fr\/wp-content\/uploads\/2020\/09\/AveyronBasSegalaViaur-300x212.png 300w, https:\/\/aveyronamont.fr\/wp-content\/uploads\/2020\/09\/AveyronBasSegalaViaur-768x543.png 768w\" sizes=\"auto, (max-width: 750px) 100vw, 750px\" \/><\/td>\n<\/tr>\n<tr>\n<td width=\"67\">Communaut\u00e9 de Communes Pays Rignacois<\/td>\n<td width=\"73\">GEMAPI et Compl\u00e9mentaire GEMAPI<\/td>\n<td width=\"47\">1 titulaire et 1 suppl\u00e9ant<\/td>\n<td width=\"408\"><img loading=\"lazy\" decoding=\"async\" class=\"aligncenter wp-image-2366 size-large\" src=\"http:\/\/aveyronamont.fr\/wp-content\/uploads\/2020\/09\/CCPR-1024x724.png\" alt=\"\" width=\"750\" height=\"530\" srcset=\"https:\/\/aveyronamont.fr\/wp-content\/uploads\/2020\/09\/CCPR-1024x724.png 1024w, https:\/\/aveyronamont.fr\/wp-content\/uploads\/2020\/09\/CCPR-300x212.png 300w, https:\/\/aveyronamont.fr\/wp-content\/uploads\/2020\/09\/CCPR-768x543.png 768w\" sizes=\"auto, (max-width: 750px) 100vw, 750px\" \/><\/td>\n<\/tr>\n<tr>\n<td width=\"67\">Communaut\u00e9 de Communes Ouest Aveyron Communaut\u00e9<\/td>\n<td width=\"73\">GEMAPI et Compl\u00e9mentaire GEMAPI<\/td>\n<td width=\"47\">5 titulaires et 5 suppl\u00e9ants<\/td>\n<td width=\"408\"><img loading=\"lazy\" decoding=\"async\" class=\"aligncenter wp-image-2365 size-large\" src=\"http:\/\/aveyronamont.fr\/wp-content\/uploads\/2020\/09\/ouest-aveyron-1024x724.png\" alt=\"\" width=\"750\" height=\"530\" srcset=\"https:\/\/aveyronamont.fr\/wp-content\/uploads\/2020\/09\/ouest-aveyron-1024x724.png 1024w, https:\/\/aveyronamont.fr\/wp-content\/uploads\/2020\/09\/ouest-aveyron-300x212.png 300w, https:\/\/aveyronamont.fr\/wp-content\/uploads\/2020\/09\/ouest-aveyron-768x543.png 768w\" sizes=\"auto, (max-width: 750px) 100vw, 750px\" \/><\/td>\n<\/tr>\n<tr>\n<td width=\"67\">Communaut\u00e9 de Communes Plateau de Montbazens<\/td>\n<td width=\"73\">GEMAPI<\/td>\n<td width=\"47\">1 titulaire et 1 suppl\u00e9ant<\/td>\n<td width=\"408\"><img loading=\"lazy\" decoding=\"async\" class=\"aligncenter wp-image-2364 size-large\" src=\"http:\/\/aveyronamont.fr\/wp-content\/uploads\/2020\/09\/CCPlateauMontbazens-1024x724.png\" alt=\"\" width=\"750\" height=\"530\" srcset=\"https:\/\/aveyronamont.fr\/wp-content\/uploads\/2020\/09\/CCPlateauMontbazens-1024x724.png 1024w, https:\/\/aveyronamont.fr\/wp-content\/uploads\/2020\/09\/CCPlateauMontbazens-300x212.png 300w, https:\/\/aveyronamont.fr\/wp-content\/uploads\/2020\/09\/CCPlateauMontbazens-768x543.png 768w\" sizes=\"auto, (max-width: 750px) 100vw, 750px\" \/><\/td>\n<\/tr>\n<tr>\n<td width=\"67\">Communes du Plateau de Montbazens<\/td>\n<td width=\"73\">Compl\u00e9mentaire &nbsp;GEMAPI<\/td>\n<td width=\"47\">1 titulaire et 1 suppl\u00e9ant<\/td>\n<td width=\"408\">(cf carte ci-dessus)<\/td>\n<\/tr>\n<tr>\n<td width=\"67\">Communaut\u00e9 de Quercy Rouergue et Gorges de l\u2019Aveyron<\/td>\n<td width=\"73\">GEMAPI<\/td>\n<td width=\"47\">1 titulaire et 1 suppl\u00e9ant<\/td>\n<td width=\"408\"><img loading=\"lazy\" decoding=\"async\" class=\"aligncenter wp-image-2363 size-large\" src=\"http:\/\/aveyronamont.fr\/wp-content\/uploads\/2020\/09\/CCQRGA-1024x724.png\" alt=\"\" width=\"750\" height=\"530\" srcset=\"https:\/\/aveyronamont.fr\/wp-content\/uploads\/2020\/09\/CCQRGA-1024x724.png 1024w, https:\/\/aveyronamont.fr\/wp-content\/uploads\/2020\/09\/CCQRGA-300x212.png 300w, https:\/\/aveyronamont.fr\/wp-content\/uploads\/2020\/09\/CCQRGA-768x543.png 768w\" sizes=\"auto, (max-width: 750px) 100vw, 750px\" \/><\/td>\n<\/tr>\n<\/tbody>\n<\/table>\n","protected":false},"excerpt":{"rendered":"<p>&nbsp; Le choix de la gouvernance a \u00e9t\u00e9 d\u00e9termin\u00e9 par 2 crit\u00e8res pr\u00e9pond\u00e9rants&nbsp;: Conserver la proximit\u00e9 avec les \u00e9lus de terrain, notamment les \u00e9lus communaux tr\u00e8s impliqu\u00e9s dans la d\u00e9clinaison des PPG, Disposer d&#8217;une instance d\u00e9cisionnelle repr\u00e9sentative et facile \u00e0 mobiliser. &nbsp; Ainsi, la structure s&#8217;est dot\u00e9e de d\u00e9l\u00e9gu\u00e9s r\u00e9f\u00e9rents par commune du territoire. Ils [&hellip;]<\/p>\n","protected":false},"author":1,"featured_media":0,"parent":0,"menu_order":0,"comment_status":"closed","ping_status":"closed","template":"","meta":{"ngg_post_thumbnail":0,"footnotes":""},"class_list":["post-187","page","type-page","status-publish","hentry"],"yoast_head":"<!-- This site is optimized with the Yoast SEO plugin v24.7 - https:\/\/yoast.com\/wordpress\/plugins\/seo\/ -->\n<title>Vos \u00e9lus r\u00e9f\u00e9rents - SMBV2A<\/title>\n<meta name=\"robots\" content=\"index, follow, max-snippet:-1, max-image-preview:large, max-video-preview:-1\" \/>\n<link rel=\"canonical\" href=\"https:\/\/aveyronamont.fr\/index.php\/lequipe\/\" class=\"yoast-seo-meta-tag\" \/>\n<meta property=\"og:locale\" content=\"en_US\" class=\"yoast-seo-meta-tag\" \/>\n<meta property=\"og:type\" content=\"article\" class=\"yoast-seo-meta-tag\" \/>\n<meta property=\"og:title\" content=\"Vos \u00e9lus r\u00e9f\u00e9rents - SMBV2A\" class=\"yoast-seo-meta-tag\" \/>\n<meta property=\"og:description\" content=\"&nbsp; Le choix de la gouvernance a \u00e9t\u00e9 d\u00e9termin\u00e9 par 2 crit\u00e8res pr\u00e9pond\u00e9rants&nbsp;: Conserver la proximit\u00e9 avec les \u00e9lus de terrain, notamment les \u00e9lus communaux tr\u00e8s impliqu\u00e9s dans la d\u00e9clinaison des PPG, Disposer d&#8217;une instance d\u00e9cisionnelle repr\u00e9sentative et facile \u00e0 mobiliser. &nbsp; Ainsi, la structure s&#8217;est dot\u00e9e de d\u00e9l\u00e9gu\u00e9s r\u00e9f\u00e9rents par commune du territoire. Ils [&hellip;]\" class=\"yoast-seo-meta-tag\" \/>\n<meta property=\"og:url\" content=\"https:\/\/aveyronamont.fr\/index.php\/lequipe\/\" class=\"yoast-seo-meta-tag\" \/>\n<meta property=\"og:site_name\" content=\"SMBV2A\" class=\"yoast-seo-meta-tag\" \/>\n<meta property=\"article:modified_time\" content=\"2021-07-27T12:38:29+00:00\" class=\"yoast-seo-meta-tag\" \/>\n<meta property=\"og:image\" content=\"http:\/\/aveyronamont.fr\/wp-content\/uploads\/2021\/01\/Aubrac-Lot-Causses-Tarn-1024x724.png\" class=\"yoast-seo-meta-tag\" \/>\n<meta name=\"twitter:card\" content=\"summary_large_image\" class=\"yoast-seo-meta-tag\" \/>\n<meta name=\"twitter:label1\" content=\"Est. reading time\" class=\"yoast-seo-meta-tag\" \/>\n\t<meta name=\"twitter:data1\" content=\"2 minutes\" class=\"yoast-seo-meta-tag\" \/>\n<script type=\"application\/ld+json\" class=\"yoast-schema-graph\">{\"@context\":\"https:\/\/schema.org\",\"@graph\":[{\"@type\":\"WebPage\",\"@id\":\"https:\/\/aveyronamont.fr\/index.php\/lequipe\/\",\"url\":\"https:\/\/aveyronamont.fr\/index.php\/lequipe\/\",\"name\":\"Vos \u00e9lus r\u00e9f\u00e9rents - SMBV2A\",\"isPartOf\":{\"@id\":\"https:\/\/aveyronamont.fr\/#website\"},\"primaryImageOfPage\":{\"@id\":\"https:\/\/aveyronamont.fr\/index.php\/lequipe\/#primaryimage\"},\"image\":{\"@id\":\"https:\/\/aveyronamont.fr\/index.php\/lequipe\/#primaryimage\"},\"thumbnailUrl\":\"http:\/\/aveyronamont.fr\/wp-content\/uploads\/2021\/01\/Aubrac-Lot-Causses-Tarn-1024x724.png\",\"datePublished\":\"2016-10-07T09:34:53+00:00\",\"dateModified\":\"2021-07-27T12:38:29+00:00\",\"breadcrumb\":{\"@id\":\"https:\/\/aveyronamont.fr\/index.php\/lequipe\/#breadcrumb\"},\"inLanguage\":\"en-US\",\"potentialAction\":[{\"@type\":\"ReadAction\",\"target\":[\"https:\/\/aveyronamont.fr\/index.php\/lequipe\/\"]}]},{\"@type\":\"ImageObject\",\"inLanguage\":\"en-US\",\"@id\":\"https:\/\/aveyronamont.fr\/index.php\/lequipe\/#primaryimage\",\"url\":\"https:\/\/aveyronamont.fr\/wp-content\/uploads\/2021\/01\/Aubrac-Lot-Causses-Tarn.png\",\"contentUrl\":\"https:\/\/aveyronamont.fr\/wp-content\/uploads\/2021\/01\/Aubrac-Lot-Causses-Tarn.png\",\"width\":3507,\"height\":2480},{\"@type\":\"BreadcrumbList\",\"@id\":\"https:\/\/aveyronamont.fr\/index.php\/lequipe\/#breadcrumb\",\"itemListElement\":[{\"@type\":\"ListItem\",\"position\":1,\"name\":\"Accueil\",\"item\":\"https:\/\/aveyronamont.fr\/\"},{\"@type\":\"ListItem\",\"position\":2,\"name\":\"Vos \u00e9lus r\u00e9f\u00e9rents\"}]},{\"@type\":\"WebSite\",\"@id\":\"https:\/\/aveyronamont.fr\/#website\",\"url\":\"https:\/\/aveyronamont.fr\/\",\"name\":\"SMBV2A\",\"description\":\"BASSIN VERSANT AVEYRON AMONT\",\"potentialAction\":[{\"@type\":\"SearchAction\",\"target\":{\"@type\":\"EntryPoint\",\"urlTemplate\":\"https:\/\/aveyronamont.fr\/?s={search_term_string}\"},\"query-input\":{\"@type\":\"PropertyValueSpecification\",\"valueRequired\":true,\"valueName\":\"search_term_string\"}}],\"inLanguage\":\"en-US\"}]}<\/script>\n<!-- \/ Yoast SEO plugin. -->","yoast_head_json":{"title":"Vos \u00e9lus r\u00e9f\u00e9rents - SMBV2A","robots":{"index":"index","follow":"follow","max-snippet":"max-snippet:-1","max-image-preview":"max-image-preview:large","max-video-preview":"max-video-preview:-1"},"canonical":"https:\/\/aveyronamont.fr\/index.php\/lequipe\/","og_locale":"en_US","og_type":"article","og_title":"Vos \u00e9lus r\u00e9f\u00e9rents - SMBV2A","og_description":"&nbsp; Le choix de la gouvernance a \u00e9t\u00e9 d\u00e9termin\u00e9 par 2 crit\u00e8res pr\u00e9pond\u00e9rants&nbsp;: Conserver la proximit\u00e9 avec les \u00e9lus de terrain, notamment les \u00e9lus communaux tr\u00e8s impliqu\u00e9s dans la d\u00e9clinaison des PPG, Disposer d&#8217;une instance d\u00e9cisionnelle repr\u00e9sentative et facile \u00e0 mobiliser. &nbsp; Ainsi, la structure s&#8217;est dot\u00e9e de d\u00e9l\u00e9gu\u00e9s r\u00e9f\u00e9rents par commune du territoire. Ils [&hellip;]","og_url":"https:\/\/aveyronamont.fr\/index.php\/lequipe\/","og_site_name":"SMBV2A","article_modified_time":"2021-07-27T12:38:29+00:00","og_image":[{"url":"http:\/\/aveyronamont.fr\/wp-content\/uploads\/2021\/01\/Aubrac-Lot-Causses-Tarn-1024x724.png","type":"","width":"","height":""}],"twitter_card":"summary_large_image","twitter_misc":{"Est. reading time":"2 minutes"},"schema":{"@context":"https:\/\/schema.org","@graph":[{"@type":"WebPage","@id":"https:\/\/aveyronamont.fr\/index.php\/lequipe\/","url":"https:\/\/aveyronamont.fr\/index.php\/lequipe\/","name":"Vos \u00e9lus r\u00e9f\u00e9rents - SMBV2A","isPartOf":{"@id":"https:\/\/aveyronamont.fr\/#website"},"primaryImageOfPage":{"@id":"https:\/\/aveyronamont.fr\/index.php\/lequipe\/#primaryimage"},"image":{"@id":"https:\/\/aveyronamont.fr\/index.php\/lequipe\/#primaryimage"},"thumbnailUrl":"http:\/\/aveyronamont.fr\/wp-content\/uploads\/2021\/01\/Aubrac-Lot-Causses-Tarn-1024x724.png","datePublished":"2016-10-07T09:34:53+00:00","dateModified":"2021-07-27T12:38:29+00:00","breadcrumb":{"@id":"https:\/\/aveyronamont.fr\/index.php\/lequipe\/#breadcrumb"},"inLanguage":"en-US","potentialAction":[{"@type":"ReadAction","target":["https:\/\/aveyronamont.fr\/index.php\/lequipe\/"]}]},{"@type":"ImageObject","inLanguage":"en-US","@id":"https:\/\/aveyronamont.fr\/index.php\/lequipe\/#primaryimage","url":"https:\/\/aveyronamont.fr\/wp-content\/uploads\/2021\/01\/Aubrac-Lot-Causses-Tarn.png","contentUrl":"https:\/\/aveyronamont.fr\/wp-content\/uploads\/2021\/01\/Aubrac-Lot-Causses-Tarn.png","width":3507,"height":2480},{"@type":"BreadcrumbList","@id":"https:\/\/aveyronamont.fr\/index.php\/lequipe\/#breadcrumb","itemListElement":[{"@type":"ListItem","position":1,"name":"Accueil","item":"https:\/\/aveyronamont.fr\/"},{"@type":"ListItem","position":2,"name":"Vos \u00e9lus r\u00e9f\u00e9rents"}]},{"@type":"WebSite","@id":"https:\/\/aveyronamont.fr\/#website","url":"https:\/\/aveyronamont.fr\/","name":"SMBV2A","description":"BASSIN VERSANT AVEYRON AMONT","potentialAction":[{"@type":"SearchAction","target":{"@type":"EntryPoint","urlTemplate":"https:\/\/aveyronamont.fr\/?s={search_term_string}"},"query-input":{"@type":"PropertyValueSpecification","valueRequired":true,"valueName":"search_term_string"}}],"inLanguage":"en-US"}]}},"_links":{"self":[{"href":"https:\/\/aveyronamont.fr\/index.php\/wp-json\/wp\/v2\/pages\/187","targetHints":{"allow":["GET"]}}],"collection":[{"href":"https:\/\/aveyronamont.fr\/index.php\/wp-json\/wp\/v2\/pages"}],"about":[{"href":"https:\/\/aveyronamont.fr\/index.php\/wp-json\/wp\/v2\/types\/page"}],"author":[{"embeddable":true,"href":"https:\/\/aveyronamont.fr\/index.php\/wp-json\/wp\/v2\/users\/1"}],"replies":[{"embeddable":true,"href":"https:\/\/aveyronamont.fr\/index.php\/wp-json\/wp\/v2\/comments?post=187"}],"version-history":[{"count":65,"href":"https:\/\/aveyronamont.fr\/index.php\/wp-json\/wp\/v2\/pages\/187\/revisions"}],"predecessor-version":[{"id":2593,"href":"https:\/\/aveyronamont.fr\/index.php\/wp-json\/wp\/v2\/pages\/187\/revisions\/2593"}],"wp:attachment":[{"href":"https:\/\/aveyronamont.fr\/index.php\/wp-json\/wp\/v2\/media?parent=187"}],"curies":[{"name":"wp","href":"https:\/\/api.w.org\/{rel}","templated":true}]}}