{"id":1472,"date":"2018-05-04T14:18:22","date_gmt":"2018-05-04T12:18:22","guid":{"rendered":"http:\/\/aveyronamont.fr\/?page_id=1472"},"modified":"2026-04-16T19:26:01","modified_gmt":"2026-04-16T17:26:01","slug":"contrat-de-riviere-aveyron-amont-2020-2024","status":"publish","type":"page","link":"https:\/\/aveyronamont.fr\/index.php\/contrat-de-riviere-aveyron-amont-2020-2024\/","title":{"rendered":"Contrat de rivi\u00e8re Aveyron amont 2020-2024"},"content":{"rendered":"<p><strong>Bilan du Contrat de rivi\u00e8re Aveyron amont (2020-2024)<\/strong><\/p>\n<p><strong>Un programme d\u2019actions pour pr\u00e9server l\u2019eau et les milieux aquatiques<\/strong><\/p>\n<p>Le bassin versant de l\u2019Aveyron amont couvre un territoire de 1 560 km\u00b2, regroupant pr\u00e8s de 100 000 habitants, plus de 2 000 km de cours d\u2019eau et 41 masses d\u2019eau.<\/p>\n<p>L\u2019\u00e9tat des lieux r\u00e9alis\u00e9 en 2019 avait mis en \u00e9vidence plusieurs enjeux majeurs :<\/p>\n<ul>\n<li>Une d\u00e9gradation de la qualit\u00e9 de l\u2019eau,<\/li>\n<li>Des d\u00e9bits d\u2019\u00e9tiage faibles,<\/li>\n<li>Une alt\u00e9ration des milieux aquatiques,<\/li>\n<li>Des risques d\u2019inondation persistants.<\/li>\n<\/ul>\n<p>Pour r\u00e9pondre \u00e0 ces d\u00e9fis, un Contrat de rivi\u00e8re&nbsp;Aveyron Amont a \u00e9t\u00e9 mis en \u0153uvre sur la p\u00e9riode 2020-2024. Ce programme a mobilis\u00e9 plus de 50 partenaires autour d\u2019une ambition commune : concilier les usages de l\u2019eau et la reconqu\u00eate du bon \u00e9tat \u00e9cologique des rivi\u00e8res et des milieux aquatiques.<\/p>\n<p><strong>Un programme structur\u00e9 autour de cinq grandes priorit\u00e9s<\/strong><\/p>\n<p>Le contrat de rivi\u00e8re s\u2019est traduit par plus d\u2019une centaine d\u2019actions r\u00e9parties en cinq volets :<\/p>\n<ul>\n<li>Lutte contre les pollutions<\/li>\n<li>Gestion et restauration des milieux aquatiques<\/li>\n<li>Pr\u00e9vention des inondations<\/li>\n<li>Gestion durable de la ressource en eau<\/li>\n<li>Gouvernance et animation territoriale<\/li>\n<\/ul>\n<p><strong>Un bilan globalement positif<\/strong><\/p>\n<p>Au terme du programme, le bilan fait appara\u00eetre une <strong>mise en \u0153uvre globalement satisfaisante<\/strong> :<\/p>\n<ul>\n<li>La majorit\u00e9 des actions sont termin\u00e9es<\/li>\n<li>Plus de 70% des actions&nbsp;ont atteint leurs objectifs,&nbsp;parmi lesquelles 16% ont \u00e9t\u00e9 au-del\u00e0 des objectifs initiaux<\/li>\n<li>Les d\u00e9penses consacr\u00e9es \u00e0 l\u2019eau sur le territoire atteignent environ 18,5 millions d\u2019euros sur la p\u00e9riode.<\/li>\n<\/ul>\n<p><strong>Des r\u00e9alisations concr\u00e8tes sur le territoire<\/strong><\/p>\n<p>Les actions men\u00e9es ont permis d\u2019engager de nombreux projets structurants, parmi lesquels :<\/p>\n<ul>\n<li>L\u2019am\u00e9lioration des syst\u00e8mes d\u2019assainissement,<\/li>\n<li>La restauration des milieux aquatiques<\/li>\n<li>La gestion et la pr\u00e9vention des inondations<\/li>\n<li>Le suivi et l\u2019am\u00e9lioration de la connaissance sur la ressource en eau,&nbsp;<\/li>\n<li>Le renforcement de la gouvernance et de la concertation territoriale.<\/li>\n<\/ul>\n<p><strong>Des premiers r\u00e9sultats encourageants pour les milieux aquatiques<\/strong><\/p>\n<p>Les indicateurs mesur\u00e9s montrent une am\u00e9lioration progressive de l\u2019\u00e9tat des masses d\u2019eau.<\/p>\n<p><strong>Aujourd\u2019hui, 46 % des masses d\u2019eau sont en bon \u00e9tat, contre 27 % en 2013.<\/strong><br>Toutefois, des enjeux importants demeurent : pr\u00e8s de la moiti\u00e9 des masses d\u2019eau restent en \u00e9tat moyen, et certaines pr\u00e9sentent encore un \u00e9tat m\u00e9diocre.<\/p>\n<p><strong>Poursuivre l\u2019action dans la dur\u00e9e<\/strong><\/p>\n<p>Le bilan met \u00e9galement en lumi\u00e8re plusieurs enseignements :<\/p>\n<ul>\n<li>Des difficult\u00e9s de mobilisation sur certaines actions techniques,<\/li>\n<li>Des contraintes financi\u00e8res et de moyens humains,&nbsp;<\/li>\n<li>Un temps de r\u00e9ponse \u00e9cologique des milieux aquatiques long, qui n\u00e9cessite de poursuivre les efforts dans la dur\u00e9e.<\/li>\n<\/ul>\n<p>Ces constats confirment l\u2019importance de <strong>maintenir une dynamique collective<\/strong> afin d\u2019accompagner la reconqu\u00eate durable de la qualit\u00e9 de l\u2019eau et des milieux aquatiques du bassin de l\u2019Aveyron amont.<\/p>\n<p>&#x1f449;<strong> Le d\u00e9tail du bilan par op\u00e9ration est disponible sur demande \u00e0 marion.sudres@aveyronamont.fr<\/strong><\/p>\n<p><strong>&#x1f449; Le d\u00e9tail du bilan par territoire ou masse d&#8217;eau sera bient\u00f4t disponible ici :<\/strong><\/p>\n<p>&nbsp;<\/p>\n\n\n<p><\/p>\n","protected":false},"excerpt":{"rendered":"<p>Bilan du Contrat de rivi\u00e8re Aveyron amont (2020-2024) Un programme d\u2019actions pour pr\u00e9server l\u2019eau et les milieux aquatiques Le bassin versant de l\u2019Aveyron amont couvre un territoire de 1 560 km\u00b2, regroupant pr\u00e8s de 100 000 habitants, plus de 2 000 km de cours d\u2019eau et 41 masses d\u2019eau. L\u2019\u00e9tat des lieux r\u00e9alis\u00e9 en 2019 [&hellip;]<\/p>\n","protected":false},"author":1,"featured_media":0,"parent":0,"menu_order":0,"comment_status":"closed","ping_status":"closed","template":"","meta":{"ngg_post_thumbnail":0,"footnotes":""},"class_list":["post-1472","page","type-page","status-publish","hentry"],"yoast_head":"<!-- This site is optimized with the Yoast SEO plugin v27.4 - https:\/\/yoast.com\/product\/yoast-seo-wordpress\/ -->\n<title>Contrat de rivi\u00e8re Aveyron amont 2020-2024 - SMBV2A<\/title>\n<meta name=\"robots\" content=\"index, follow, max-snippet:-1, max-image-preview:large, max-video-preview:-1\" \/>\n<link rel=\"canonical\" href=\"https:\/\/aveyronamont.fr\/index.php\/contrat-de-riviere-aveyron-amont-2020-2024\/\" class=\"yoast-seo-meta-tag\" \/>\n<meta property=\"og:locale\" content=\"en_US\" class=\"yoast-seo-meta-tag\" \/>\n<meta property=\"og:type\" content=\"article\" class=\"yoast-seo-meta-tag\" \/>\n<meta property=\"og:title\" content=\"Contrat de rivi\u00e8re Aveyron amont 2020-2024 - SMBV2A\" class=\"yoast-seo-meta-tag\" \/>\n<meta property=\"og:description\" content=\"Bilan du Contrat de rivi\u00e8re Aveyron amont (2020-2024) Un programme d\u2019actions pour pr\u00e9server l\u2019eau et les milieux aquatiques Le bassin versant de l\u2019Aveyron amont couvre un territoire de 1 560 km\u00b2, regroupant pr\u00e8s de 100 000 habitants, plus de 2 000 km de cours d\u2019eau et 41 masses d\u2019eau. L\u2019\u00e9tat des lieux r\u00e9alis\u00e9 en 2019 [&hellip;]\" class=\"yoast-seo-meta-tag\" \/>\n<meta property=\"og:url\" content=\"https:\/\/aveyronamont.fr\/index.php\/contrat-de-riviere-aveyron-amont-2020-2024\/\" class=\"yoast-seo-meta-tag\" \/>\n<meta property=\"og:site_name\" content=\"SMBV2A\" class=\"yoast-seo-meta-tag\" \/>\n<meta property=\"article:modified_time\" content=\"2026-04-16T17:26:01+00:00\" class=\"yoast-seo-meta-tag\" \/>\n<meta name=\"twitter:card\" content=\"summary_large_image\" class=\"yoast-seo-meta-tag\" \/>\n<meta name=\"twitter:label1\" content=\"Est. reading time\" class=\"yoast-seo-meta-tag\" \/>\n\t<meta name=\"twitter:data1\" content=\"2 minutes\" class=\"yoast-seo-meta-tag\" \/>\n<script type=\"application\/ld+json\" class=\"yoast-schema-graph\">{\"@context\":\"https:\\\/\\\/schema.org\",\"@graph\":[{\"@type\":\"WebPage\",\"@id\":\"https:\\\/\\\/aveyronamont.fr\\\/index.php\\\/contrat-de-riviere-aveyron-amont-2020-2024\\\/\",\"url\":\"https:\\\/\\\/aveyronamont.fr\\\/index.php\\\/contrat-de-riviere-aveyron-amont-2020-2024\\\/\",\"name\":\"Contrat de rivi\u00e8re Aveyron amont 2020-2024 - SMBV2A\",\"isPartOf\":{\"@id\":\"https:\\\/\\\/aveyronamont.fr\\\/#website\"},\"datePublished\":\"2018-05-04T12:18:22+00:00\",\"dateModified\":\"2026-04-16T17:26:01+00:00\",\"breadcrumb\":{\"@id\":\"https:\\\/\\\/aveyronamont.fr\\\/index.php\\\/contrat-de-riviere-aveyron-amont-2020-2024\\\/#breadcrumb\"},\"inLanguage\":\"en-US\",\"potentialAction\":[{\"@type\":\"ReadAction\",\"target\":[\"https:\\\/\\\/aveyronamont.fr\\\/index.php\\\/contrat-de-riviere-aveyron-amont-2020-2024\\\/\"]}]},{\"@type\":\"BreadcrumbList\",\"@id\":\"https:\\\/\\\/aveyronamont.fr\\\/index.php\\\/contrat-de-riviere-aveyron-amont-2020-2024\\\/#breadcrumb\",\"itemListElement\":[{\"@type\":\"ListItem\",\"position\":1,\"name\":\"Accueil\",\"item\":\"https:\\\/\\\/aveyronamont.fr\\\/\"},{\"@type\":\"ListItem\",\"position\":2,\"name\":\"Contrat de rivi\u00e8re Aveyron amont 2020-2024\"}]},{\"@type\":\"WebSite\",\"@id\":\"https:\\\/\\\/aveyronamont.fr\\\/#website\",\"url\":\"https:\\\/\\\/aveyronamont.fr\\\/\",\"name\":\"SMBV2A\",\"description\":\"BASSIN VERSANT AVEYRON AMONT\",\"potentialAction\":[{\"@type\":\"SearchAction\",\"target\":{\"@type\":\"EntryPoint\",\"urlTemplate\":\"https:\\\/\\\/aveyronamont.fr\\\/?s={search_term_string}\"},\"query-input\":{\"@type\":\"PropertyValueSpecification\",\"valueRequired\":true,\"valueName\":\"search_term_string\"}}],\"inLanguage\":\"en-US\"}]}<\/script>\n<!-- \/ Yoast SEO plugin. -->","yoast_head_json":{"title":"Contrat de rivi\u00e8re Aveyron amont 2020-2024 - SMBV2A","robots":{"index":"index","follow":"follow","max-snippet":"max-snippet:-1","max-image-preview":"max-image-preview:large","max-video-preview":"max-video-preview:-1"},"canonical":"https:\/\/aveyronamont.fr\/index.php\/contrat-de-riviere-aveyron-amont-2020-2024\/","og_locale":"en_US","og_type":"article","og_title":"Contrat de rivi\u00e8re Aveyron amont 2020-2024 - SMBV2A","og_description":"Bilan du Contrat de rivi\u00e8re Aveyron amont (2020-2024) Un programme d\u2019actions pour pr\u00e9server l\u2019eau et les milieux aquatiques Le bassin versant de l\u2019Aveyron amont couvre un territoire de 1 560 km\u00b2, regroupant pr\u00e8s de 100 000 habitants, plus de 2 000 km de cours d\u2019eau et 41 masses d\u2019eau. L\u2019\u00e9tat des lieux r\u00e9alis\u00e9 en 2019 [&hellip;]","og_url":"https:\/\/aveyronamont.fr\/index.php\/contrat-de-riviere-aveyron-amont-2020-2024\/","og_site_name":"SMBV2A","article_modified_time":"2026-04-16T17:26:01+00:00","twitter_card":"summary_large_image","twitter_misc":{"Est. reading time":"2 minutes"},"schema":{"@context":"https:\/\/schema.org","@graph":[{"@type":"WebPage","@id":"https:\/\/aveyronamont.fr\/index.php\/contrat-de-riviere-aveyron-amont-2020-2024\/","url":"https:\/\/aveyronamont.fr\/index.php\/contrat-de-riviere-aveyron-amont-2020-2024\/","name":"Contrat de rivi\u00e8re Aveyron amont 2020-2024 - SMBV2A","isPartOf":{"@id":"https:\/\/aveyronamont.fr\/#website"},"datePublished":"2018-05-04T12:18:22+00:00","dateModified":"2026-04-16T17:26:01+00:00","breadcrumb":{"@id":"https:\/\/aveyronamont.fr\/index.php\/contrat-de-riviere-aveyron-amont-2020-2024\/#breadcrumb"},"inLanguage":"en-US","potentialAction":[{"@type":"ReadAction","target":["https:\/\/aveyronamont.fr\/index.php\/contrat-de-riviere-aveyron-amont-2020-2024\/"]}]},{"@type":"BreadcrumbList","@id":"https:\/\/aveyronamont.fr\/index.php\/contrat-de-riviere-aveyron-amont-2020-2024\/#breadcrumb","itemListElement":[{"@type":"ListItem","position":1,"name":"Accueil","item":"https:\/\/aveyronamont.fr\/"},{"@type":"ListItem","position":2,"name":"Contrat de rivi\u00e8re Aveyron amont 2020-2024"}]},{"@type":"WebSite","@id":"https:\/\/aveyronamont.fr\/#website","url":"https:\/\/aveyronamont.fr\/","name":"SMBV2A","description":"BASSIN VERSANT AVEYRON AMONT","potentialAction":[{"@type":"SearchAction","target":{"@type":"EntryPoint","urlTemplate":"https:\/\/aveyronamont.fr\/?s={search_term_string}"},"query-input":{"@type":"PropertyValueSpecification","valueRequired":true,"valueName":"search_term_string"}}],"inLanguage":"en-US"}]}},"_links":{"self":[{"href":"https:\/\/aveyronamont.fr\/index.php\/wp-json\/wp\/v2\/pages\/1472","targetHints":{"allow":["GET"]}}],"collection":[{"href":"https:\/\/aveyronamont.fr\/index.php\/wp-json\/wp\/v2\/pages"}],"about":[{"href":"https:\/\/aveyronamont.fr\/index.php\/wp-json\/wp\/v2\/types\/page"}],"author":[{"embeddable":true,"href":"https:\/\/aveyronamont.fr\/index.php\/wp-json\/wp\/v2\/users\/1"}],"replies":[{"embeddable":true,"href":"https:\/\/aveyronamont.fr\/index.php\/wp-json\/wp\/v2\/comments?post=1472"}],"version-history":[{"count":26,"href":"https:\/\/aveyronamont.fr\/index.php\/wp-json\/wp\/v2\/pages\/1472\/revisions"}],"predecessor-version":[{"id":3144,"href":"https:\/\/aveyronamont.fr\/index.php\/wp-json\/wp\/v2\/pages\/1472\/revisions\/3144"}],"wp:attachment":[{"href":"https:\/\/aveyronamont.fr\/index.php\/wp-json\/wp\/v2\/media?parent=1472"}],"curies":[{"name":"wp","href":"https:\/\/api.w.org\/{rel}","templated":true}]}}